 + -521. Suppose 2*r = -2, -a = 32*b - 35*b - 2*r. Suppose -3 - 40 = -o. What is the remainder when b is divided by o?
40
Let y = -53392 - -53443. Let s = 45 - -104. Calculate the remainder when s is divided by y.
47
Suppose 450*c - 465*c + 1755 = 0. Calculate the remainder when 4093 is divided by c.
115
Calculate the remainder when 6443 is divided by 20 - 41/(205/(-1140)).
243
Let d = -626 + 631. Suppose -4*s = d*z - 30 + 5, -5 = -5*z. Calculate the remainder when 19 is divided by s.
4
Let i = -123 - -126. Let h be (-2*i)/((-6)/32). Let u = 80 - h. Calculate the remainder when u is divided by 5.
3
Suppose -4*q = q - 1740. Let s = 45091 + -45078. What is the remainder when q is divided by s?
10
Let a = -65 + 71. Suppose a*s + 64 - 298 = 0. What is the remainder when 155 is divided by s?
38
Suppose 0 = -0*x + 4*x. Let m = 971 - 719. Suppose x = -u - 8*u + m. What is the remainder when u is divided by 12?
4
Let z(l) = l**2 - 21*l - 62. Let h be z(18). Calculate the remainder when (h/2)/(17 - 19) is divided by 4/(-18) - (-83)/9.
2
Let c(g) = g**3 + 9*g**2 + 7*g - 7. Let d be c(-8). Let k(f) = 21*f + 1. Suppose -12*h = -12 - 84. What is the remainder when k(d) is divided by h?
6
Suppose 5*b + 7 = 32. Suppose b*q - 17 = -2, 0 = -4*m + 4*q - 4. Suppose -3*w - m*w - 45 = -f, 2 = -2*w. Calculate the remainder when 117 is divided by f.
37
Suppose -4*k + 8 = -2*k. Suppose -9*s + 4*s + 4*d = -2721, 2*s - 1087 = 3*d. Let x = -510 + s. Calculate the remainder when x is divided by k.
3
Let j = 32 - 32. Suppose j*c + 2*c - 64 = 0. Suppose 38 = 3*f + 2. What is the remainder when c is divided by f?
8
Let h = -3 + 1. Let c = h - -5. Suppose -1305*f + 975 = -1635. What is the remainder when c is divided by f?
1
Let x(z) = -21*z - 4. Let q = -21670 + 21785. What is the remainder when q is divided by x(-3)?
56
Let c(r) = -4*r - 44. Let l be c(-12). Calculate the remainder when 178 is divided by (l - 3)*(-23)/(-1).
17
Suppose -5*r - 5*c + 55 = 0, 152 = 6*r - c + 93. What is the remainder when (1 + 0)/(((-18)/(-1317))/6) is divided by r?
9
Suppose -924 = -74*d - 58*d. What is the remainder when 152 is divided by d?
5
What is the remainder when (-902)/164 + (-575)/(-2) is divided by 51?
27
Suppose 2*b + 6*b - 40 = 0. Suppose b - 23 = -w. Let t = -10 + 17. Calculate the remainder when w is divided by t.
4
Let p = -816 + 1037. Calculate the remainder when p is divided by 115.
106
Suppose 7*o + 327 = 10*o. Let d = 136 - o. Calculate the remainder when d is divided by 11.
5
Suppose -79*v + 3180 = -10*v - 9*v. Calculate the remainder when v is divided by 18.
17
Suppose 4*d + 12 = 0, -3*h + 2*d - 2 + 8 = 0. Calculate the remainder when (294 - (-7 + 3)) + h is divided by 75.
73
Suppose 5*f = -3*k - 90 + 356, 3*f = -k + 154. What is the remainder when (-4)/1 - (-4 + -1468) is divided by f?
47
What is the remainder when 750 is divided by (-425)/(-34)*-147*(-12)/90?
15
Calculate the remainder when (-85)/136 - (-1114)/16 is divided by (-3)/((-3)/29) - 1.
13
Let j = -2825 + 4576. Suppose o = -1, -4*p + 24*o + j = 21*o. What is the remainder when p is divided by 44?
41
Suppose 5*n + z - 4693 = 0, 3*n - 5*z - 1363 - 1464 = 0. Calculate the remainder when n is divided by 309.
12
Suppose -14*l + 1311 + 481 = 0. What is the remainder when 102 is divided by (3/((-36)/39))/((-8)/l)?
50
Let t be -69 + ((-4)/6)/(14/63). Let s = t + 78. Let c(j) = 6*j**2 - 7*j + 5. Calculate the remainder when c(s) is divided by 15.
14
Let g(j) = 33*j + 5. Let z(q) = 17*q + 3. Let n(m) = 6*g(m) - 11*z(m). Calculate the remainder when n(15) is divided by 55.
52
What is the remainder when 39308/48 + 20/240 is divided by 273?
0
Let b(s) = s**3 + 7*s**2 - 8*s - 11. Suppose -6*a + 32 = 62. Let c(v) = -19*v**3 + v**2 + v + 1. Calculate the remainder when b(a) is divided by c(-1).
19
Suppose 2*f = 3 - 1. Let l be (186/10 - 3)/(f/40). Suppose 4*m - 12*m + l = 0. Calculate the remainder when m is divided by 22.
12
Suppose a + 84 = -220*b + 223*b, 0 = 5*b + 4*a - 106. Calculate the remainder when 415 is divided by b.
25
Let n = -28 + 50. Let t(r) = 10*r**2 + 75*r - 24. What is the remainder when n is divided by t(-8)?
6
What is the remainder when 279/(-651) - 12126/(-21) is divided by 117?
109
Let l(a) = -35*a - 959. What is the remainder when l(-64) is divided by 14?
7
Let h(j) = 7*j**2 + 111*j + 1402. What is the remainder when 1016 is divided by h(-10)?
24
Let r be 302 + ((-13)/156 - (-11)/(-12)). Let p = r - 267. Suppose -5*c = 5*x - 120, -2*x - 2*c + 32 = -4*c. Calculate the remainder when p is divided by x.
14
Let o = 4 + 1. Suppose o*m - 37 = 8*l - 4*l, -3*m + 6 = 3*l. Suppose 40 = 3*x - 32. Calculate the remainder when x is divided by m.
4
Suppose 0 = 2*f + 5*p - 869, -42*f + 45*f = 3*p + 1230. What is the remainder when 2504 is divided by f?
2
Suppose -v + 14 = 3*f, -f = 3*v - 15 + 5. Suppose -3*i - g = -10 - 31, 91 = 5*i - f*g. Calculate the remainder when 118 is divided by i.
13
Suppose -4*x + 7*x - 205 = 5*q, -x = -q - 65. Calculate the remainder when ((-9568)/(-112))/((-2)/(-14)) is divided by x.
58
Let h = -1198 + 1209. Suppose 10*m - 5*m - 375 = 0. Calculate the remainder when m is divided by h.
9
Let d be 3*-1 - 87/(-9)*3. Let n = d + -62. What is the remainder when 86 is divided by (25/(-20))/((21/n)/7)?
11
Suppose 994 + 773 = 93*s. Calculate the remainder when 322 is divided by s.
18
Let i be ((-852)/16)/(9*(-1)/(-72)). Let b = 985 + i. What is the remainder when b is divided by 35?
34
Let x = -138 + 139. What is the remainder when (-55)/11 - -2 - (x + -92) is divided by 18?
16
Let s(b) = 397*b - 21826. Let m = 1 + 0. Calculate the remainder when (-110)/(-4) + m/(-2) is divided by s(55).
0
Calculate the remainder when 1372 is divided by (-204)/(-238) - (2/1 + 5306/(-98)).
47
Suppose 4*j = -2*c + 548 + 4462, 0 = -4*j - c + 5013. What is the remainder when j is divided by 74?
70
Suppose 0 = -2*v + 395 + 3. Let s = -103516 + 103523. What is the remainder when v is divided by s?
3
Let h = 6 - 4. Suppose -r = -5*f + 3*r + 53, -f + 13 = -h*r. Let b(g) = 1088*g + 5474. What is the remainder when b(-5) is divided by f?
7
Suppose -137 = -6*q + 3*q - 7*o, -5*o = 3*q - 115. Let m(f) = -f**2 + 16*f - 10. What is the remainder when m(10) is divided by q?
10
Let h be 254*(3 - 21/6). Let w = -21 - h. Calculate the remainder when w is divided by 62.
44
What is the remainder when (317/2)/((-22)/(-220)) is divided by 159?
154
Suppose -102875 = -61*p + 63594. Calculate the remainder when p is divided by 169.
25
Calculate the remainder when 75 is divided by ((-18)/(144/(-20)))/(1/28).
5
Suppose 20*k = 22*k. Suppose -6*g + 13 + 119 = k. Calculate the remainder when 52 is divided by g.
8
Suppose -4*y = g - 118, g - 51 = -5*y + 69. Suppose -5*t + 207 = 252, -2*u = -3*t - 41. What is the remainder when g is divided by u?
5
Suppose 4*f - 20 = -6*f. Let u(d) = 30*d - 29. Calculate the remainder when 60 is divided by u(f).
29
Suppose -156*p - 384 + 1788 = 0. Suppose 9 - 3 = 2*i. Suppose 0 = -i*n + 1 + 50. Calculate the remainder when n is divided by p.
8
Let o = -6 - -13. What is the remainder when o*1 - (-49 + -33) is divided by 19?
13
Let i(l) = 7*l + 333. What is the remainder when 453 is divided by i(-46)?
2
Let k = -6 - -41. Suppose -3*m = i - 27, 5*i - 3*i = 4*m - 26. What is the remainder when k is divided by m?
3
Let u(a) be the first derivative of 4*a**3/3 + a**2/2 + 4*a + 1. Let i(c) = -107*c**2 + 665*c - 31. Calculate the remainder when i(6) is divided by u(-3).
33
Let n = 128 - 62. Suppose -224*m + 230*m - n = 0. Calculate the remainder when 109 is divided by m.
10
Let s(t) = 8*t + 96. Let k be s(-12). Suppose k = 2*w - 259 + 121. What is the remainder when 211 is divided by w?
4
Suppose -128*u + 1324 + 11220 = 0. Calculate the remainder when 621 is divided by u.
33
Let q be 2/((-2)/(-15)) + (-3 - -1). Let h be (24/(-10))/(((-78)/220)/q). Suppose 11 = -11*x + h. Calculate the remainder when 27 is divided by x.
6
Suppose -4*v + 7*v = -c + 20, -3*v - 10 = -5*c. Suppose -23*l = -18*l + f - 44, -52 = -5*l - 3*f. What is the remainder when l is divided by c?
3
Suppose f - 2*f + 118 = 0. Let y be 46 + -6 + 2 + -1. Let m = -17 + y. What is the remainder when f is divided by m?
22
What is the remainder when 307 is